
14
Calculate the greatest common divisor of 23 and 1270313.
23
Calculate the highest common factor of 2910 and 14610.
30
What is the greatest common divisor of 714 and 474674?
34
What is the greatest common factor of 144 and 863064?
72
Calculate the highest common factor of 1720360 and 656.
328
Calculate the highest common divisor of 21413 and 621.
23
Calculate the greatest common factor of 11424 and 2261.
119
Calculate the highest common divisor of 29970 and 11430.
90
What is the highest common divisor of 120237 and 3?
3
Calculate the highest common divisor of 3572 and 5969.
47
Calculate the greatest common factor of 8601 and 8052.
183
Calculate the highest common divisor of 511 and 104609.
73
Calculate the highest common factor of 5978 and 108682.
98
What is the highest common divisor of 399 and 3024?
21
What is the greatest common divisor of 89738 and 418?
22
What is the greatest common divisor of 186 and 1086?
6
Calculate the highest common factor of 1736783 and 118.
59
What is the greatest common factor of 3563 and 217?
7
Calculate the greatest common factor of 4661671 and 7.
7
What is the greatest common factor of 16 and 2258?
2
What is the highest common divisor of 7 and 206101?
7
Calculate the highest common divisor of 37 and 895622.
37
Calculate the greatest common divisor of 14231 and 17917.
19
What is the highest common factor of 4710 and 40?
10
Calculate the highest common factor of 126280 and 595.
35
What is the greatest common divisor of 2461 and 2944?
23
Calculate the highest common divisor of 174697 and 97.
97
What is the greatest common divisor of 6460 and 29545?
95
What is the highest common factor of 194096 and 19063?
1733
Calculate the greatest common factor of 98 and 4550.
14
What is the highest common divisor of 95 and 103417?
19
Calculate the greatest common divisor of 671476 and 7696.
1924
Calculate the highest common divisor of 3 and 1009.
1
What is the greatest common divisor of 391 and 322?
23
Calculate the greatest common factor of 724 and 124890.
362
Calculate the highest common divisor of 101720 and 2560.
40
What is the highest common divisor of 19295 and 3632?
227
Calculate the highest common divisor of 31458 and 10878.
294
Calculate the greatest common factor of 20 and 800855.
5
What is the highest common factor of 95630 and 393?
131
Calculate the greatest common divisor of 60 and 26148.
12
Calculate the highest common divisor of 795 and 371106.
159
Calculate the highest common divisor of 54 and 7783506.
54
What is the greatest common divisor of 590 and 64546?
118
Calculate the highest common factor of 4212598 and 1508.
754
What is the highest common divisor of 50 and 769170?
10
Calculate the greatest common divisor of 12 and 121262.
2
What is the greatest common factor of 392721 and 35?
7
Calculate the highest common divisor of 5160 and 11008.
344
Calculate the greatest common divisor of 1368959 and 17.
17
Calculate the greatest common factor of 15865 and 1045.
95
Calculate the highest common factor of 392499 and 27.
27
Calculate the greatest common factor of 331591 and 299.
299
What is the highest common divisor of 126 and 117243?
63
Calculate the highest common divisor of 32997420 and 30.
30
Calculate the greatest common factor of 2009 and 36736.
287
Calculate the greatest common divisor of 1323441 and 3087.
441
What is the highest common divisor of 2994 and 102?
6
What is the highest common divisor of 166702 and 374?
34
Calculate the greatest common divisor of 223680 and 1200.
240
Calculate the highest common divisor of 1851948 and 70.
14
What is the highest common factor of 29481 and 2219?
317
Calculate the greatest common divisor of 192281 and 236.
59
What is the highest common divisor of 616138 and 497?
71
Calculate the highest common factor of 911 and 328871.
911
What is the greatest common divisor of 828 and 83950?
46
What is the greatest common factor of 9702 and 22484?
154
What is the greatest common divisor of 1378 and 505037?
689
What is the greatest common divisor of 139536 and 136?
136
Calculate the highest common factor of 1886 and 80.
2
Calculate the highest common divisor of 248392 and 13234.
1018
What is the greatest common factor of 280 and 46312?
56
What is the greatest common divisor of 50336 and 14036?
484
Calculate the greatest common divisor of 4040 and 484.
4
Calculate the highest common factor of 5 and 13980.
5
What is the greatest common factor of 136493 and 153?
17
What is the greatest common divisor of 29427 and 255?
51
Calculate the highest common factor of 362 and 15023.
181
What is the highest common factor of 269424 and 1584?
144
What is the highest common factor of 365 and 106945?
365
Calculate the highest common factor of 18 and 1692207.
9
What is the greatest common divisor of 119 and 16337?
17
Calculate the greatest common factor of 9050 and 850.
50
Calculate the greatest common factor of 48768 and 13335.
381
What is the greatest common divisor of 1195 and 1145?
5
What is the greatest common factor of 1297764 and 52?
52
Calculate the greatest common factor of 20 and 7849340.
20
Calculate the highest common factor of 73964 and 656.
164
What is the highest common factor of 8767 and 55?
11
Calculate the greatest common divisor of 170 and 22.
2
What is the greatest common factor of 35190 and 1070?
10
Calculate the highest common divisor of 2288 and 149578.
286
Calculate the highest common divisor of 14616 and 11808.
72
Calculate the greatest common factor of 32743 and 6713.
137
What is the greatest common divisor of 117 and 175916?
13
Calculate the highest common divisor of 128 and 12060352.
64
Calculate the greatest common factor of 12993 and 142.
71
Calculate the greatest common factor of 54 and 10768356.
54
What is the greatest common divisor of 25058 and 136?
34
Calculate the highest common divisor of 173889 and 20433.
417
Calculate the greatest common divisor of 33784 and 10332.
164
Calculate the highest common factor of 56 and 9392.
8
What is the highest common divisor of 16005 and 6941?
11
Calculate the highest common factor of 2 and 998.
2
Calculate the greatest common divisor of 209 and 180367.
209
What is the greatest common factor of 73606 and 494?
494
Calculate the highest common divisor of 147 and 610617.
21
Calculate the greatest common factor of 520 and 1350.
10
Calculate the greatest common divisor of 21779 and 232.
29
What is the highest common factor of 51928 and 24?
8
Calculate the highest common divisor of 2314 and 832.
26
What is the highest common factor of 39314 and 110?
22
What is the greatest common divisor of 474 and 6?
6
Calculate the highest common factor of 120 and 24810.
30
Calculate the greatest common factor of 133 and 4864.
19
Calculate the highest common factor of 134381 and 65.
13
What is the greatest common factor of 170 and 1942114?
34
Calculate the greatest common factor of 13552 and 496.
16
What is the highest common factor of 77 and 7755?
11
Calculate the highest common factor of 4554 and 45954.
414
Calculate the highest common factor of 117657 and 51.
51
Calculate the highest common factor of 33 and 49489.
11
What is the greatest common factor of 1045 and 693605?
55
What is the highest common divisor of 2413 and 2032?
127
Calculate the greatest common divisor of 865806 and 226.
226
What is the greatest common divisor of 290 and 31668?
58
What is the highest common factor of 711 and 856518?
237
Calculate the greatest common factor of 43166 and 45458.
382
What is the greatest common factor of 23298 and 9?
3
Calculate the highest common divisor of 2561382 and 7824.
978
Calculate the highest common divisor of 30464 and 221.
17
What is the greatest common divisor of 209 and 37943?
19
Calculate the greatest common factor of 441 and 3195.
9
Calculate the highest common divisor of 5210 and 130.
10
Calculate the greatest common divisor of 544 and 42568.
136
What is the greatest common divisor of 34881 and 132?
33
What is the greatest common divisor of 2092 and 241103?
523
Calculate the highest common divisor of 91 and 81198.
13
Calculate the highest common factor of 2264 and 202.
2
What is the greatest common divisor of 694421 and 1183?
1183
What is the highest common divisor of 9393 and 279?
93
What is the greatest common factor of 224 and 